 the highest common divisor of 246 and 8.
2
Calculate the highest common divisor of 43059 and 93.
93
Calculate the highest common divisor of 570 and 30.
30
What is the greatest common factor of 286 and 2651?
11
Calculate the greatest common divisor of 36 and 6276.
12
What is the highest common factor of 18 and 450?
18
What is the highest common divisor of 246 and 27?
3
Calculate the highest common divisor of 492 and 24.
12
Calculate the highest common factor of 70 and 1585.
5
Calculate the highest common divisor of 1832 and 687.
229
What is the greatest common factor of 6 and 282?
6
Calculate the greatest common factor of 444 and 24.
12
What is the greatest common factor of 1310 and 130?
10
What is the highest common divisor of 894 and 39?
3
Calculate the greatest common factor of 105 and 35.
35
What is the greatest common divisor of 45 and 20?
5
What is the highest common factor of 210 and 378?
42
Calculate the highest common factor of 7 and 749.
7
Calculate the highest common divisor of 72 and 1926.
18
What is the greatest common divisor of 9 and 21?
3
Calculate the highest common divisor of 27 and 16.
1
Calculate the greatest common factor of 7 and 4.
1
What is the greatest common divisor of 21 and 12?
3
What is the greatest common factor of 42 and 582?
6
Calculate the greatest common factor of 216 and 63.
9
What is the highest common divisor of 663 and 273?
39
What is the greatest common factor of 4494 and 42?
42
What is the highest common factor of 8 and 376?
8
Calculate the greatest common factor of 30 and 3855.
15
What is the highest common divisor of 49 and 637?
49
What is the greatest common factor of 49 and 4949?
49
What is the highest common divisor of 273 and 21?
21
Calculate the highest common factor of 2100 and 3750.
150
Calculate the greatest common factor of 7508 and 4.
4
What is the greatest common factor of 5200 and 3575?
325
Calculate the highest common divisor of 8 and 28.
4
Calculate the greatest common factor of 495 and 468.
9
Calculate the highest common divisor of 184 and 2346.
46
What is the greatest common divisor of 45 and 1440?
45
Calculate the greatest common divisor of 625 and 5.
5
Calculate the greatest common factor of 1792 and 42.
14
What is the greatest common factor of 36 and 312?
12
Calculate the greatest common divisor of 21 and 490.
7
Calculate the greatest common divisor of 1015 and 280.
35
What is the greatest common factor of 39 and 5499?
39
Calculate the greatest common factor of 9 and 15.
3
Calculate the greatest common divisor of 637 and 182.
91
Calculate the greatest common divisor of 62 and 16461.
31
What is the greatest common divisor of 231 and 21?
21
What is the highest common divisor of 4 and 1600?
4
Calculate the greatest common divisor of 34 and 50966.
34
Calculate the greatest common divisor of 295 and 236.
59
Calculate the highest common factor of 2252 and 4.
4
Calculate the greatest common divisor of 132 and 462.
66
What is the greatest common factor of 376 and 40?
8
Calculate the greatest common divisor of 86 and 1032.
86
What is the greatest common divisor of 506 and 242?
22
Calculate the greatest common divisor of 13251 and 21.
21
What is the greatest common divisor of 1563 and 9?
3
Calculate the greatest common divisor of 995 and 140.
5
What is the greatest common factor of 81 and 189?
27
Calculate the greatest common divisor of 4 and 23.
1
What is the greatest common factor of 67886 and 182?
182
Calculate the greatest common divisor of 50 and 7000.
50
What is the greatest common divisor of 1118 and 26?
26
What is the greatest common factor of 1515 and 15?
15
Calculate the highest common divisor of 89 and 7209.
89
Calculate the highest common divisor of 648 and 6075.
81
Calculate the highest common factor of 465 and 30.
15
Calculate the highest common divisor of 18 and 189.
9
What is the highest common divisor of 390 and 30?
30
What is the highest common factor of 40 and 310?
10
Calculate the highest common factor of 54 and 1842.
6
Calculate the highest common factor of 117 and 273.
39
Calculate the highest common factor of 120 and 129.
3
Calculate the greatest common factor of 43 and 1849.
43
Calculate the highest common factor of 320 and 608.
32
Calculate the highest common divisor of 420 and 60.
60
Calculate the highest common divisor of 204 and 510.
102
What is the highest common divisor of 36 and 276?
12
What is the highest common divisor of 1120 and 336?
112
What is the greatest common divisor of 19589 and 19?
19
What is the highest common divisor of 6460 and 17?
17
What is the highest common factor of 5115 and 275?
55
What is the highest common factor of 1700 and 400?
100
What is the greatest common divisor of 50 and 430?
10
What is the greatest common divisor of 60 and 2412?
12
What is the greatest common factor of 1764 and 48?
12
Calculate the greatest common factor of 70 and 350.
70
Calculate the greatest common factor of 2 and 64.
2
Calculate the highest common divisor of 23049 and 117.
117
What is the greatest common divisor of 3 and 204?
3
Calculate the greatest common factor of 1960 and 520.
40
Calculate the greatest common divisor of 14 and 938.
14
Calculate the greatest common factor of 594 and 15741.
297
What is the highest common divisor of 22 and 231?
11
What is the greatest common divisor of 6144 and 960?
192
Calculate the highest common factor of 162 and 15.
3
What is the greatest common factor of 20 and 5330?
10
Calculate the highest common divisor of 75 and 60.
15
Calculate the highest common divisor of 208 and 6006.
26
What is the highest common divisor of 126 and 8064?
126
Calculate the highest common divisor of 40 and 3140.
20
What is the greatest common factor of 217 and 279?
31
Calculate the highest common divisor of 38 and 16378.
38
What is the greatest common factor of 120 and 36?
12
What is the highest common factor of 408 and 663?
51
What is the highest common factor of 5 and 125?
5
Calculate the highest common divisor of 524 and 156.
4
What is the greatest common divisor of 50 and 120?
10
What is the highest common factor of 10 and 55?
5
What is the highest common factor of 295 and 59?
59
What is the highest common divisor of 952 and 2828?
28
What is the highest common divisor of 3143 and 7?
7
Calculate the greatest common factor of 90 and 315.
45
What is the highest common factor of 74 and 481?
37
Calculate the highest common divisor of 120 and 105.
15
Calculate the greatest common divisor of 954 and 1802.
106
What is the greatest common factor of 88 and 40?
8
Calculate the highest common factor of 110 and 1.
1
Calculate the greatest common divisor of 260 and 740.
20
What is the greatest common factor of 2523 and 261?
87
Calculate the highest common factor of 405 and 18.
9
Calculate the greatest common divisor of 1 and 23.
1
Calculate the highest common divisor of 12 and 150.
6
What is the greatest common divisor of 23 and 207?
23
Calculate the greatest common factor of 7181 and 334.
167
What is the greatest common factor of 327 and 78153?
327
What is the greatest common divisor of 12 and 420?
12
What is the greatest common factor of 495 and 45?
45
Calculate the highest common factor of 286 and 110.
22
What is the highest common divisor of 35 and 518?
7
What is the greatest common divisor of 10875 and 1131?
87
What is the highest common factor of 4096 and 4?
4
Calculate the greatest common factor of 240 and 2480.
80
What is the highest common factor of 424 and 371?
53
Calculate the greatest common factor of 39 and 4134.
39
Calculate the highest common divisor of 7129 and 1.
1
What is the greatest common factor of 21 and 5887?
7
Calculate the highest common factor of 2331 and 592.
37
Calculate the greatest common divisor of 45 and 335.
5
What is the greatest common factor of 69 and 92?
23
Calculate the greatest common factor of 2665 and 325.
65
Calculate the highest common divisor of 324 and 48.
12
What is the greatest common factor of 6831 and 1188?
297
Calculate the greatest common factor of 77 and 1463.
77
Calculate the highest common divisor of 12 and 372.
12
What is the greatest common factor of 6 and 2418?
6
Calculate the highest common factor of 5558 and 14.
14
What is the greatest common factor of 2 and 23?
1
Calculate the greatest common f